{"id":7657,"date":"2026-01-08T14:34:38","date_gmt":"2026-01-08T13:34:38","guid":{"rendered":"https:\/\/pogrebno.rs\/?post_type=citulje&#038;p=7657"},"modified":"2026-01-08T14:34:38","modified_gmt":"2026-01-08T13:34:38","slug":"gabric-pocuca-vera","status":"publish","type":"citulje","link":"https:\/\/pogrebno.rs\/hr\/citulje\/gabric-pocuca-vera\/","title":{"rendered":"Gabri\u0107 Po\u010du\u010da Vera"},"content":{"rendered":"","protected":false},"author":4,"featured_media":7658,"template":"","format":"standard","meta":{"_acf_changed":false,"_eb_attr":""},"categories":[],"citulja":[],"class_list":["post-7657","citulje","type-citulje","status-publish","format-standard","has-post-thumbnail","hentry"],"acf":[],"_links":{"self":[{"href":"https:\/\/pogrebno.rs\/hr\/wp-json\/wp\/v2\/citulje\/7657","targetHints":{"allow":["GET"]}}],"collection":[{"href":"https:\/\/pogrebno.rs\/hr\/wp-json\/wp\/v2\/citulje"}],"about":[{"href":"https:\/\/pogrebno.rs\/hr\/wp-json\/wp\/v2\/types\/citulje"}],"author":[{"embeddable":true,"href":"https:\/\/pogrebno.rs\/hr\/wp-json\/wp\/v2\/users\/4"}],"wp:featuredmedia":[{"embeddable":true,"href":"https:\/\/pogrebno.rs\/hr\/wp-json\/wp\/v2\/media\/7658"}],"wp:attachment":[{"href":"https:\/\/pogrebno.rs\/hr\/wp-json\/wp\/v2\/media?parent=7657"}],"wp:term":[{"taxonomy":"category","embeddable":true,"href":"https:\/\/pogrebno.rs\/hr\/wp-json\/wp\/v2\/categories?post=7657"},{"taxonomy":"citulja","embeddable":true,"href":"https:\/\/pogrebno.rs\/hr\/wp-json\/wp\/v2\/citulja?post=7657"}],"curies":[{"name":"wp","href":"https:\/\/api.w.org\/{rel}","templated":true}]}}

Gabrić Počuča Vera
