{"id":7176,"date":"2025-12-03T14:01:24","date_gmt":"2025-12-03T13:01:24","guid":{"rendered":"https:\/\/pogrebno.rs\/?post_type=dokumenti&#038;p=7176"},"modified":"2026-02-02T18:43:30","modified_gmt":"2026-02-02T17:43:30","slug":"poseban-program-o-koriscenju-sredstava-iz-budzeta-grada-subotice-za-jkp-pogrebno-za-2025-godinu","status":"publish","type":"dokumenti","link":"https:\/\/pogrebno.rs\/hr\/dokumenti\/poseban-program-o-koriscenju-sredstava-iz-budzeta-grada-subotice-za-jkp-pogrebno-za-2025-godinu\/","title":{"rendered":"Poseban Program o kori\u0161\u0107enju sredstava iz bud\u017eeta Grada Subotice za JKP Pogrebno za 2025. godinu"},"content":{"rendered":"","protected":false},"featured_media":0,"template":"","categories":[27],"kategorija_dokumenata":[21],"class_list":["post-7176","dokumenti","type-dokumenti","status-publish","hentry","category-planovi-i-izvestaji","kategorija_dokumenata-akta"],"acf":[],"_links":{"self":[{"href":"https:\/\/pogrebno.rs\/hr\/wp-json\/wp\/v2\/dokumenti\/7176","targetHints":{"allow":["GET"]}}],"collection":[{"href":"https:\/\/pogrebno.rs\/hr\/wp-json\/wp\/v2\/dokumenti"}],"about":[{"href":"https:\/\/pogrebno.rs\/hr\/wp-json\/wp\/v2\/types\/dokumenti"}],"wp:attachment":[{"href":"https:\/\/pogrebno.rs\/hr\/wp-json\/wp\/v2\/media?parent=7176"}],"wp:term":[{"taxonomy":"category","embeddable":true,"href":"https:\/\/pogrebno.rs\/hr\/wp-json\/wp\/v2\/categories?post=7176"},{"taxonomy":"kategorija_dokumenata","embeddable":true,"href":"https:\/\/pogrebno.rs\/hr\/wp-json\/wp\/v2\/kategorija_dokumenata?post=7176"}],"curies":[{"name":"wp","href":"https:\/\/api.w.org\/{rel}","templated":true}]}}

Poseban Program o korišćenju sredstava iz budžeta Grada Subotice za JKP Pogrebno za 2025. godinu
